mon divisor of 25530 and 740?
370
Calculate the highest common factor of 1944 and 821880.
216
What is the greatest common divisor of 3272 and 4925996?
1636
Calculate the greatest common factor of 2702 and 106246.
14
What is the highest common factor of 6 and 1723?
1
Calculate the greatest common divisor of 639661 and 11.
11
What is the greatest common factor of 54 and 108126?
18
Calculate the highest common factor of 35203 and 752.
47
Calculate the highest common divisor of 44540 and 1156.
68
Calculate the highest common factor of 2334 and 373829.
389
Calculate the greatest common divisor of 124 and 98673.
31
Calculate the highest common divisor of 1302541 and 1466.
733
Calculate the highest common divisor of 11820 and 192.
12
What is the highest common divisor of 2075560 and 8?
8
What is the highest common factor of 2227 and 697?
17
What is the highest common factor of 1064 and 854?
14
Calculate the greatest common divisor of 11275 and 28700.
1025
What is the greatest common divisor of 44999 and 51?
17
Calculate the greatest common factor of 4797861 and 82.
41
What is the highest common divisor of 9766 and 418?
38
Calculate the highest common factor of 107809 and 13.
13
What is the highest common factor of 75669 and 2607?
33
What is the highest common divisor of 48 and 441104?
16
What is the highest common divisor of 146 and 4599?
73
Calculate the highest common factor of 308743 and 94.
47
What is the highest common divisor of 22331 and 163?
163
Calculate the highest common divisor of 14890 and 70.
10
What is the greatest common divisor of 390 and 129?
3
What is the greatest common factor of 38000 and 470?
10
What is the highest common factor of 26247 and 399762?
2019
Calculate the highest common divisor of 75922 and 714.
238
Calculate the highest common factor of 113670 and 354.
6
What is the highest common divisor of 13039 and 1357?
59
What is the greatest common factor of 13574 and 2354?
22
Calculate the highest common divisor of 33 and 2646.
3
Calculate the highest common factor of 110 and 122045.
55
What is the greatest common factor of 1115 and 755?
5
Calculate the highest common factor of 2073 and 595642.
691
Calculate the greatest common factor of 12024 and 3222.
18
Calculate the highest common divisor of 6720 and 285.
15
What is the greatest common factor of 3 and 3837?
3
What is the greatest common factor of 32 and 11?
1
What is the greatest common factor of 3914 and 13205?
19
Calculate the greatest common divisor of 1043 and 7003.
149
Calculate the highest common factor of 134764 and 2296.
28
Calculate the highest common factor of 24 and 179.
1
Calculate the highest common divisor of 4 and 4162.
2
Calculate the highest common divisor of 522 and 250821.
261
What is the greatest common divisor of 1350 and 4370?
10
What is the greatest common divisor of 850 and 5086825?
425
Calculate the highest common factor of 24 and 23964.
12
What is the highest common factor of 4 and 67334?
2
Calculate the greatest common divisor of 76672 and 144.
16
What is the highest common factor of 544 and 11577?
17
What is the highest common factor of 50323 and 343?
49
What is the greatest common factor of 585608 and 568?
568
What is the highest common factor of 260 and 19786?
26
Calculate the greatest common divisor of 8927 and 47716.
79
What is the greatest common divisor of 6825 and 13965?
105
What is the greatest common factor of 7593 and 1902?
3
Calculate the highest common factor of 256 and 151.
1
What is the highest common divisor of 77 and 310376?
11
What is the highest common divisor of 134 and 5838782?
134
Calculate the greatest common divisor of 1256702 and 8386.
1198
What is the greatest common divisor of 198802 and 4?
2
Calculate the greatest common factor of 100068 and 141.
3
What is the greatest common factor of 412 and 11639?
103
What is the highest common divisor of 5565 and 140?
35
What is the highest common factor of 712600 and 56?
56
Calculate the highest common divisor of 10534 and 276.
46
What is the greatest common factor of 121140 and 720?
180
What is the highest common divisor of 67781 and 299?
23
What is the highest common divisor of 349476 and 24?
12
Calculate the highest common divisor of 530 and 19398.
106
Calculate the greatest common divisor of 582 and 1398.
6
What is the greatest common divisor of 24795 and 6235?
145
Calculate the greatest common factor of 48 and 173928.
24
Calculate the greatest common factor of 6 and 2893854.
6
What is the greatest common divisor of 13878 and 3341?
257
Calculate the greatest common divisor of 1586 and 74664.
122
What is the highest common factor of 89289 and 63?
9
Calculate the greatest common factor of 74351 and 1996.
499
Calculate the greatest common divisor of 1066 and 227796.
82
Calculate the highest common divisor of 195 and 14755.
65
Calculate the highest common divisor of 244 and 43310.
122
What is the highest common factor of 32224 and 1590?
106
Calculate the highest common divisor of 263087 and 187.
11
What is the highest common divisor of 8262 and 816?
102
Calculate the greatest common divisor of 219882 and 78.
78
Calculate the highest common factor of 89030 and 1160.
290
What is the highest common factor of 6301618 and 37?
37
What is the greatest common factor of 126 and 167769?
63
Calculate the highest common factor of 525 and 109515.
105
Calculate the greatest common divisor of 210094 and 1460.
146
What is the highest common divisor of 1235 and 241566?
247
Calculate the highest common factor of 256698 and 510.
6
Calculate the greatest common factor of 6622 and 3080.
154
What is the highest common divisor of 40872 and 5668?
52
What is the highest common factor of 30 and 27530?
10
Calculate the highest common divisor of 364248 and 504.
72
Calculate the greatest common factor of 2549 and 11.
1
What is the highest common factor of 204 and 160344?
204
Calculate the greatest common divisor of 144628 and 3344.
836
Calculate the greatest common factor of 1088 and 34624.
64
Calculate the greatest common factor of 42112 and 799.
47
What is the highest common factor of 75458 and 3712?
58
Calculate the highest common factor of 474300 and 136.
68
Calculate the greatest common factor of 4906916 and 7.
7
What is the highest common divisor of 260 and 50380?
20
What is the greatest common divisor of 1952 and 143228?
244
What is the highest common factor of 27577 and 1518?
253
Calculate the greatest common factor of 22785 and 60270.
735
What is the greatest common divisor of 5564 and 16809?
13
Calculate the greatest common divisor of 74 and 183298.
74
Calculate the highest common factor of 69 and 15359469.
69
Calculate the highest common divisor of 76485 and 15.
15
What is the greatest common divisor of 41431 and 481?
13
What is the highest common divisor of 8145 and 1269?
9
What is the greatest common divisor of 936 and 117234?
234
Calculate the greatest common factor of 81 and 7857.
81
What is the highest common divisor of 300 and 15444?
12
What is the greatest common divisor of 6695920 and 385?
385
What is the greatest common divisor of 18416 and 256?
16
What is the highest common divisor of 2013041 and 97?
97
Calculate the highest common factor of 12 and 1728.
12
Calculate the greatest common factor of 651808 and 64.
32
What is the greatest common factor of 8 and 8630912?
8
Calculate the greatest common factor of 770 and 5075.
35
What is the greatest common divisor of 4131 and 729?
243
What is the highest common divisor of 697790 and 10?
10
Calculate the highest common factor of 3222 and 450.
18
Calculate the highest common divisor of 306 and 96840.
18
Calculate the greatest common factor of 1291417 and 761.
761
Calculate the greatest common factor of 2291493 and 348.
87
What is the greatest common factor of 533824 and 1024?
64
Calculate the highest common divisor of 4318 and 34.
34
Calculate the greatest common factor of 61567 and 386.
193
What is the greatest common factor of 12083 and 2107?
43
What is the greatest common factor of 870 and 402114?
174
What is the highest common factor of 11707 and 230?
23
Calculate the highest common divisor of 2086273 and 49.
49
Calculate the greatest common factor of 198 and 23859.
99
Calculate the highest common divisor of 8471 and 7289.
197
Calcula